000
Convert -341434442 (base 5) to base 3.
-2211222012000
What is 64142 (base 10) in base 6?
1212542
Convert 352603 (base 7) to base 2.
1111011110110001
210032344 (base 5) to base 4
3102112133
Convert -1442256 (base 7) to base 3.
-100220220120
f9504 (base 16) to base 14
1c8220
What is -4156b9 (base 13) in base 3?
-2212112010020
Convert -121011101010 (base 3) to base 13.
-b1a47
What is -3a7a3 (base 16) in base 13?
-8503b
Convert 6931 (base 14) to base 16.
475f
Convert 1062352 (base 8) to base 5.
33203403
-10110110111001110110100 (base 2) to base 5
-3013242041
What is -97276 (base 16) in base 9?
-1143247
40a6 (base 15) to base 12
7aa0
10010202020212 (base 3) to base 8
6272051
What is -3a5a2 (base 15) in base 8?
-555026
-3e4a6 (base 15) to base 8
-606765
What is -1cb454 (base 13) in base 14?
-153413
Convert 703523 (base 8) to base 6.
4542335
Convert 287469 (base 11) to base 7.
3550230
What is -1022112101111 (base 3) in base 13?
-1b6457
Convert 15875012 (base 9) to base 6.
442353445
-268a9 (base 15) to base 16
-1e243
-a030a5 (base 11) to base 7
-16503225
33102334 (base 5) to base 9
473504
-391172 (base 11) to base 8
-2264005
What is -1410505 (base 8) in base 7?
-3244202
What is 19a843 (base 13) in base 5?
131323334
What is 46011 (base 12) in base 6?
2000021
What is -2100311 (base 8) in base 3?
-1001022102011
72ddea (base 16) to base 8
34556752
-34134120 (base 6) to base 14
-1d090c
231011032 (base 4) to base 6
3542514
What is -10120013 (base 7) in base 14?
-18000a
80848 (base 10) to base 8
235720
Convert -2601140 (base 7) to base 14.
-8a920
What is -17933 (base 15) in base 14?
-1db59
What is -136a20 (base 12) in base 4?
-1032310320
What is 34733 (base 10) in base 16?
87ad
What is 42433111 (base 5) in base 9?
605727
Convert -187ba9 (base 12) to base 4.
-1220213301
Convert -311110330 (base 4) to base 16.
-3553c
Convert -1525a83 (base 12) to base 16.
-4155c3
-3322331 (base 8) to base 15
-129e14
What is a85625 (base 15) in base 12?
2827582
Convert 1103402001 (base 5) to base 16.
24ac30
Convert -20051313 (base 6) to base 7.
-4550100
-1110a8 (base 12) to base 2
-1000010010001000000
1bb9c4 (base 15) to base 8
5127500
-1321133112 (base 4) to base 15
-9c69c
Convert 7010727 (base 9) to base 6.
211515424
157330a (base 11) to base 15
380264
What is -428049 (base 10) in base 16?
-68811
Convert 2320115 (base 7) to base 15.
5b172
Convert 5021212 (base 6) to base 16.
39a88
-ace8d1 (base 15) to base 16
-7de480
2217202 (base 8) to base 13
17c03b
1392943 (base 10) to base 4
11110010233
-400050 (base 7) to base 3
-10102021020
Convert 333308 (base 9) to base 13.
6c914
What is 99a94 (base 12) in base 8?
615720
Convert -110410003 (base 5) to base 12.
-1b2a46
10332310330 (base 4) to base 5
313242131
Convert da76 (base 14) to base 16.
9368
Convert -ae0c0 (base 15) to base 9.
-1033450
367677 (base 8) to base 10
126911
What is -17b9144 (base 13) in base 12?
-2722911
Convert -1320a (base 15) to base 6.
-1151214
-2ef913 (base 16) to base 15
-40c1ce
Convert 10114546 (base 7) to base 12.
3487aa
120102101111 (base 3) to base 6
10301151
Convert -3000434 (base 5) to base 16.
-b792
What is 15c567 (base 13) in base 11?
33a835
What is b4d35 (base 15) in base 7?
4605401
Convert 210588 (base 9) to base 12.
60508
Convert 63543 (base 10) to base 8.
174067
What is 3736737 (base 8) in base 13?
2a1756
Convert -682c6 (base 13) to base 6.
-4021014
Convert 11434211031 (base 5) to base 6.
1203102101
5030 (base 14) to base 4
3113002
Convert 185c749 (base 14) to base 9.
24618224
25453024 (base 7) to base 11
1341831
What is -113257001 (base 8) in base 13?
-4126938
What is -3181864 (base 9) in base 11?
-a66797
-2431403434 (base 5) to base 10
-5731744
-4343223 (base 5) to base 13
-2808b
Convert -169072 (base 10) to base 8.
-512160
313301213 (base 4) to base 16
37c67
What is -12022102010 (base 3) in base 15?
-20e9c
Convert -51262 (base 10) to base 13.
-1a443
1123257 (base 9) to base 10
606013
What is 2b271b (base 14) in base 12?
607019
Convert -33213301 (base 6) to base 11.
-621390
173210 (base 12) to base 7
3252426
Convert -142302213 (base 5) to base 8.
-2655172
Convert -1717175 (base 10) to base 7.
-20411225
What is -550023 (base 8) in base 6?
-3541231
Convert -1b08b1 (base 13) to base 6.
-22420212
What is -91875 (base 11) in base 7?
-1066052
Convert 101011011010110111 (base 2) to base 3.
100000221221
-32533450 (base 7) to base 14
-52bb97
-a6c15 (base 16) to base 8
-2466025
Convert 1435093 (base 12) to base 5.
2014133041
What is 4135521 (base 6) in base 11?
126a2a
Convert -32db55 (base 16) to base 2.
-1100101101101101010101
What is -a3749 (base 16) in base 12?
-283549
What is 1001010110100011101101 (base 2) in base 4?
21112203231
-51b65c (base 14) to base 7
-32310445
What is 415500531 (base 6) in base 4?
123233011213
What is -31509 (base 12) in base 16?
-fc99
-162214 (base 12) to base 8
-1340260
Convert -7604 (base 9) to base 5.
-134333
-8b1c78 (base 14) to base 7
-55131111
Convert 110111001001010 (base 2) to base 3.
1102201201
What is 142a00 (base 14) in base 12?
298588
What is -356655 (base 8) in base 15?
-26375
-75118 (base 9) to base 11
-34355
Convert 82f0 (base 16) to base 11.
23203
Convert 620 (base 9) to base 7.
1320
4388963 (base 10) to base 11
2528547
42815 (base 10) to base 6
530115
Convert -10021134224 (base 5) to base 14.
-146b7cc
Convert 30173557 (base 9) to base 15.
1408637
100100111111100110011 (base 2) to base 3
2021120211201
What is -16665606 (base 8) in base 11?
-221a807
What is -110222111220 (base 3) in base 14?
-6919b
What is -48546 (base 9) in base 14?
-bbd1
What is -b5aa0 (base 15) in base 6?
-20203210
Convert -14032304 (base 5) to base 13.
-5001b
What is -2212400 (base 5) in base 2?
-1001011001001011
What is -1112263 (base 8) in base 13?
-a6852
Convert 13483 (base 12) to base 16.
67e3
What is 162440 (base 8) in base 16?
e520
Convert 100010111122121 (base 3) to base 8.
22404402
-2268186 (base 11) to base 2
-1111000111110000011101
Convert -1100001010111001 (base 2) to base 5.
-3043344
1222f0 (base 16) to base 5
301013332
Convert -14c894 (base 15) to base 9.
-1800584
3d03c (base 15) to base 11
124127
Convert -733002 (base 13) to base 16.
-2910ff
Convert -10232500 (base 6) to base 14.
-7b47a
Convert 11112211202 (base 3) to base 10.
89552
50620411 (base 7) to base 2
10000000111001001001011
53221610 (base 8) to base 10
11346824
What is 141316 (base 12) in base 13?
b900a
-1535405511 (base 6) to base 7
-325303102
Convert 210211422 (base 5) to base 9.
1560533
d9cda (base 14) to base 15
a609d
Convert 141dc1 (base 15) to base 3.
1211012100001
Convert -101101101110101000000101 (base 2) to base 3.
-211120000201001
What is -2053937 (base 11) in base 2?
-1101110100001001001001
-448e8d (base 15) to base 16
-31e68b
-151689 (base 13) to base 9
-867683
Convert -165810 (base 12) to base 2.
-1011101100001001100
-24123514 (base 6) to base 7
-6304021
Convert -4b5c89 (base 13) to base 12.
-734a71
-321131200 (base 5) to base 9
-2475335
What is 3273c (base 13) in base 3?
11122020220
Convert -2198d3 (base 14) to base 6.
-40240053
-231422601 (base 7) to base 16
-d8892b
Convert -a246a70 (base 11) to base 5.
-14113334144
-96907 (base 10) to base 3
-11220221011
What is -189399 (base 12) in base 11?
-274756
What is -1301200203 (base 4) in base 14?
-c1615
What is 230023302 (base 4) in base 9?
305226
Convert -4072558 (base 10) to base 4.
-33202101232
-2031114 (base 5) to base 4
-20020010
Convert 201220202101 (base 3) to base 8.
1375527
Convert 8c4d (base 16) to base 5.
2122132
-494a8a (base 12) to base 2
-100100010101000001010
10113320 (base 6) to base 10
289776
Convert 726d02 (base 15) to base 7.
64145132
254909 (base 11) to base 10
401729
Convert 351244205 (base 6) to base 13.
146a91a
316410 (base 7) to base 15
114c3
What is 403225 (base 6) in base 12?
16515
What is 1226632 (base 7) in base 2?
100110101011101000
-2452445 (base 6) to base 14
-35ccd
Convert 407d7c (base 15) to base 13.
833922
Convert -4504643 (base 9) to base 15.
-32d550
1570157 (base 9) to base 6
30412254
2740b4 (base 16) to base 5
1124304333
Convert 136621 (base 7) to base 4.
12130021
-373204 (base 13) to base 15
-1b14e4
Convert 15634313 (base 7) to base 3.
2212021220202
Convert -6072457 (base 8) to base 9.
-3012638
-3230643 (base 7) to